-6)?
6
Suppose d + 0*p - 3*p + 8 = 0, 4*p - 16 = 0. Suppose t = 17 - d. Let b = t - -67. What is the units digit of b?
0
Let m be ((4 - 0) + -5)/(3/(-567)). Suppose -188*x + m*x - 641 = 0. What is the hundreds digit of x?
6
What is the thousands digit of (-60)/1020*-526371 - (0 + (-2)/(-2))?
0
Let a(l) = 72*l + 33. Let w be a(3). Let z be (9 - -1)*3/6. Suppose 499 = 4*i - z*m, -2*i + 2*m = -m - w. What is the tens digit of i?
2
Let h be 3/27 - 70/(-18). Suppose -3*l = 2*t - 3523, t + 2*l - h*l - 1758 = 0. Suppose -9*b + t = 2*b. What is the hundreds digit of b?
1
Let v(x) = 12*x**3 - 23*x**2 + 68*x + 114. What is the units digit of v(12)?
4
Suppose -15*l + 3*l = -24. Suppose -l*f - f = -33. What is the tens digit of f + 3/(-3) - -4?
1
Suppose 37 = -t + 33. What is the units digit of (1 - t/3)/(19/57)?
7
Suppose -d + 3*d - 3*i + 162 = 0, 164 = -2*d + 4*i. Let b = d + 10. Let u = 183 - b. What is the units digit of u?
1
Let g(l) = -l**3 + 18*l - 2*l + 23*l**2 - 8*l - 7*l + 27. Suppose -45 = 4*o - 137. What is the units digit of g(o)?
0
Suppose -40*n = -21*n - 5662. Let y = n - -341. What is the units digit of y?
9
Let n be 5/((4/2)/40). Suppose 3*k + k = 5*t - n, -2*k = -t + 20. Suppose -4*l - c - t + 64 = 0, 4*l - 28 = 3*c. What is the units digit of l?
0
Let b(x) = 8*x**2 - 2*x - 1. Let a be b(-1). Let n be 96/a*(-12)/8. Let v(i) = i**3 + 16*i**2 - 3*i - 1. What is the tens digit of v(n)?
4
Suppose -p = p - 2. Suppose -p + 7 = -3*g, 2*n - 22 = 5*g. Let u(w) = 6*w + 1. What is the units digit of u(n)?
7
Let h = -69 - 66. Let i = h + 81. Let t = -48 - i. What is the units digit of t?
6
Suppose 11*i - 49892 = 311183. What is the hundreds digit of i?
8
What is the hundreds digit of 13/((-130)/(-163164)) - 24/(-40)?
3
Suppose -6*s = -13*s + 1918. Let g = -259 + s. What is the tens digit of g?
1
Suppose -5*f + 14685 = -6*f + 12*f. What is the tens digit of f?
3
Suppose -4*y = 5*i - 9*i + 8, 24 = 3*i + 3*y. Suppose -20 = 4*g, -5*g + 1455 = i*v - 0*g. What is the units digit of v?
6
Suppose -44*l + 4 = -42*l. Suppose -5*q - q - q = 0. Suppose -4*g - 5*t + 740 = q, g + 2*t + l*t - 185 = 0. What is the units digit of g?
5
Suppose 5*f + 110028 = -4*o + 334954, 0 = -3*f + 18. What is the units digit of o?
4
Suppose -3937 - 46147 = -10*a + 191106. What is the thousands digit of a?
4
Suppose 50939 = 20*n - 17321. What is the tens digit of n?
1
Suppose 144*c = 92*c + 95*c - 267460. What is the tens digit of c?
2
Let a(f) = 2*f**3 - 29*f**2 + 17*f + 18. Let g be -2 - ((-102)/6 + 1). What is the tens digit of a(g)?
6
Let g(t) = -2*t + 51. Let p be g(27). Let b(y) = -31*y + 35. What is the units digit of b(p)?
8
Let v(f) = -f**3 + 29*f**2 + 28*f + 65. Let q be v(30). Suppose -3*b = -4*y - 2172, -3*b + b - q*y = -1448. What is the hundreds digit of b?
7
Suppose -4*p - 7*k = -6*k + 18, -22 = 3*p + 5*k. What is the tens digit of (-15)/10 + 1 - 1502/p?
7
Let b = 139 - 127. What is the tens digit of 4/b*(-3984)/(-2)?
6
Suppose 75*x + 6 = 77*x. Suppose -1254 = -q + x*c, 3*c = q - 2*c - 1250. What is the hundreds digit of q?
2
Let i = 39995 - 27811. What is the units digit of i?
4
Suppose -7*n = -7941 + 7885. Let k(d) be the third derivative of -d**6/120 + 11*d**5/60 - 3*d**4/8 + 7*d**3/3 - d**2. What is the tens digit of k(n)?
3
Suppose -62*f + 68*f = 1638. Suppose -f = -4*p - k, -199 = 3*p - 6*p + 5*k. What is the units digit of p?
8
Suppose 5*r - 255269 = -5*y + 144016, -2*y = 4*r - 159708. What is the ten thousands digit of y?
7
Let c(p) = -p**2 + 12*p - 18. Let q be c(10). Let x(v) = v**q - 17*v + 7*v + 25 - 4*v. What is the units digit of x(13)?
2
Suppose 0 = 3*s - c + 21, 2*c - 17 = 4*s + 9. Let a be (0/2)/(s/4). Suppose -85 = -i - 2*j, 5*j + 2 + 8 = a. What is the units digit of i?
9
Let g = 233 + -299. What is the tens digit of (-1496)/g*-3*(1 - 2)?
6
Let a(p) = 11987*p - 210. What is the thousands digit of a(2)?
3
Suppose -40 = -3*v - 5*v. Suppose 6*u - 7 = 3*u - 5*g, v*u + g = -3. What is the tens digit of (2 + u)*(28 - -7)?
3
Suppose -3*n + 4*n = 2, 2*s = 3*n + 38. Suppose 0 = -s*h + 1189 + 857. What is the tens digit of h?
9
Let f(u) = 22*u**2 - 16*u + 67. What is the hundreds digit of f(-28)?
7
What is the units digit of 5986 - (-7 - 7) - 12?
8
Let k(l) be the first derivative of 4*l**3/3 + 3*l**2 + 7*l - 10. Let f be 9/(-6) - (-1)/(-2). What is the tens digit of k(f)?
1
Let f be 1176/(-24)*(-1 + 2)*-1. Suppose f*b = 14*b + 12495. What is the tens digit of b?
5
Let y be ((-1088)/(-14))/2 + (-4)/(-28). Suppose 0 = y*t - 25*t - 3486. What is the hundreds digit of t?
2
Let s = -4171 - -4242. Let r = -84 + 54. Let g = r + s. What is the tens digit of g?
4
Suppose -18 = 93*a - 99*a. Suppose h = 3*h - a*j - 587, -1129 = -4*h - 3*j. What is the units digit of h?
6
Suppose 0 = 42227*t - 42229*t + 43936. What is the tens digit of t?
6
Let f(s) be the third derivative of s**6/120 + 17*s**5/60 - 11*s**4/24 - 23*s**3/3 + s**2 + 16*s. What is the units digit of f(-15)?
9
Suppose 32*d = 10132 + 2060. Suppose d*c = 386*c - 4275. What is the units digit of c?
5
Let d(o) = -2*o**2 + 12*o + 15. Let z be d(7). Suppose 0 = w + z + 5. What is the tens digit of 2 + ((-1284)/(-15) - w/15)?
8
Let b(j) = j**2 - 19*j + 30. Suppose -4*s = 185 - 489. Suppose -4*m - 4*y + s = 0, -4*m + 75 = 5*y - 0. What is the units digit of b(m)?
0
Suppose -5*x + 3*j - 16 = -302, -3*x = -j - 170. Suppose -x = -16*g + 40. What is the units digit of (-138)/(-2) - (-3)/(g/8)?
3
Suppose 0 = 3*b + 4 - 13. Let n = b - -1. Let h(x) = -x**3 + 7*x**2 - 5*x. What is the units digit of h(n)?
8
Let r(k) = -8*k + 8. Let s be r(2). What is the tens digit of 2*(282 - (-2 - s))?
5
Let f = -266 - -582. What is the units digit of (6 + -7 + 7)*f/6?
6
Suppose 0 = w + 4*k + 4, -13*w + 2*k = -15*w + 16. Let j(f) = f**2 + 13*f + 7. What is the tens digit of j(w)?
0
What is the hundreds digit of -5*(-6 - (-59)/10)*58822?
4
Let k = 13444 + -6439. What is the units digit of k?
5
Suppose 24 - 96 = 2*t. Let l = t - -50. Suppose -l*c - 244 = -18*c. What is the tens digit of c?
6
Suppose -2 = 2*h, -1702 - 1795 = -4*x - 3*h. Let l = x - 552. What is the hundreds digit of l?
3
Let l = 204 - 285. Let n = -77 - l. Suppose n*x - 5*s = 580, -6*x + x + 725 = 2*s. What is the tens digit of x?
4
Let i = 19648 + -11036. What is the hundreds digit of i?
6
Let r be 2/(40/29985) - (-3)/(-12). Suppose -22883 = -36*l - r. What is the hundreds digit of l?
5
Let d = 1055 - -701. Suppose -2*x + 3*p + d = -1638, -3*p = 0. What is the thousands digit of x?
1
Suppose -h = -3*p - 1385, 3*h + 2*p - 6*p - 4180 = 0. Suppose 20*s + h = 25*s. What is the tens digit of s?
8
What is the hundreds digit of (20/45 + 279667/18)*16/10?
8
Suppose -12*a + 53836 + 137973 - 2737 = 0. What is the hundreds digit of a?
7
Let j be (-2 + 9)/(-1 - -2). Let r(o) = o**2 - 5*o - 11. Let h be r(j). Suppose -5*k - 18 = -h*v + 91, 0 = 3*k + 15. What is the tens digit of v?
2
Suppose -g - 2*g + 5 = r, 0 = 2*r - 3*g - 1. What is the tens digit of r/(-4)*7*(-204)/7?
0
Suppose -11 = -2*f + 21. Suppose f*x - 18*x + 14 = 0. Suppose -2*k - 5*s + x + 44 = 0, -5 = -s. What is the tens digit of k?
1
Let k(h) be the second derivative of 7*h**3 - 95*h**2/2 + 38*h. What is the tens digit of k(7)?
9
Let c = -8060 - -8685. What is the tens digit of c?
2
Suppose 2*q - 13384 - 1215 = -3*t, 2*t = -3*q + 9726. What is the tens digit of t?
6
Suppose 4*n - 5*c = 2*n + 185, 3*n = 5*c + 280. Let l = n + 123. What is the tens digit of l?
1
Suppose -12*s = 11*s + 115. Let y be (-3)/6*(-3 - -1). What is the hundreds digit of (-758)/(-6) + s/15 + y?
1
What is the ten thousands digit of 2*(902/164)/(1/2242)?
2
Let v = 332 - 289. Suppose v*n = 29*n + 364. What is the tens digit of n?
2
Let r(p) be the third derivative of -67*p**6/60 - p**5/60 + 5*p**4/12 + 2*p**3 - 116*p**2. What is the hundreds digit of r(-1)?
1
Suppose -7*o + 6*o = -30. Suppose 0 = -4*n - 4*u - 452, -n = -6*n + 3*u - 581. Let t = o - n. What is the hundreds digit of t?
1
Suppose -4*n = 4*j + 702 - 2890, 3*j = -5*n + 1647. Let c = j + -338. What is the hundreds digit of c?
2
Let j be 29/(-319) - (1 - (-135)/(-33)). Suppose -1627 = -i + j*k - 285, 3*k = 4*i - 5341. What is the units digit of i?
3
Let t(q) = q**3 - 16*q**2 + 25*q - 3